 5*m(l). Is n(-22) a prime number?
False
Let g(a) = -a - 1. Let s(p) = p**3 - 5*p**2 + 8*p - 1. Let n(v) = 2*g(v) + s(v). Suppose 33 = 4*t + 9. Is n(t) composite?
True
Let j(h) be the second derivative of 3*h**5/10 - h**4/12 + h**3/3 + 7*h**2/2 - 11*h. Let p be j(6). Suppose -8*k = p - 3863. Is k a prime number?
False
Let w(x) = -x**3 - 12*x**2 + 4*x + 20. Let m be w(-12). Let t be 1/((-2)/m*2). Suppose -5*v - 6136 = -t*v - 3*b, 3*v + 4*b - 9203 = 0. Is v a composite number?
True
Let z be (-6576)/(-1)*(-7)/63*-9. Suppose 3*o + 2*u - 3947 = 0, 9*u = -5*o + 8*u + z. Is o a prime number?
False
Let i(w) = -1923*w - 163. Is i(-20) composite?
True
Let k = 972 - -1838. Suppose 2524 = 21*s - k. Is s a prime number?
False
Let d = -812494 + 1547663. Is d a composite number?
False
Suppose -2*t - h = -216, -5*t + 337 = -2*t - 5*h. Suppose t = 5*v + 5*p + 24, 4*p = 12. Is 800 + ((-38)/v - (-4)/(-14)) prime?
True
Suppose -h - 11*a + 262427 = -6*a, -5*a + 1049708 = 4*h. Is h a composite number?
True
Let c = -21 + 12. Let i(z) = 14*z**2 + 2*z - 20. Let b be i(c). Suppose -5*h + 792 = -3*l, -3*l - 298 = 5*h - b. Is h a prime number?
False
Suppose -5*o = -4*a + 5, 0 = 3*a - 4*a - 2*o + 11. Suppose 2*h - 3*h = -j + 7282, -a*j - 3*h = -36386. Is j composite?
True
Suppose -17 = -11*m + 27. Suppose 4*n - 5*v - 9830 = -2495, 0 = 4*v - m. Is n a prime number?
False
Let s(d) = 20*d**2 - 60*d + 963. Is s(25) composite?
True
Suppose 896 = -2*n + 3*n. Let x = -55 + 55. Suppose 5*o - i = -x*i + 1114, 0 = 4*o + 4*i - n. Is o composite?
False
Suppose 823198 + 6702902 = 19*v + 1225073. Is v a composite number?
True
Let q(j) be the second derivative of -j**4/12 + 43*j**3/6 + j**2/2 + 25*j - 1. Is q(19) a composite number?
False
Let j(y) = 14*y**3 - 15*y**2 - 5*y + 8. Let g(l) = -l**3 + l**2 + 2*l - 1. Let k(n) = -5*g(n) - j(n). Is k(-5) a prime number?
False
Let q(c) = 26242*c + 1747. Is q(15) a composite number?
False
Suppose -18*j - 766385 + 7325973 = 10*j. Is j a composite number?
False
Let s = 1827348 - 1172053. Is s prime?
False
Let k = -340413 + 833925. Suppose 30*n = 6*n + k. Is n a prime number?
True
Suppose 0 = -22*n + 276412 + 342910. Is n prime?
True
Suppose -2*k = 2*k - 5*p + 6, 9 = -k + 5*p. Let d(r) = -r**2 - 1. Let l(z) = -6*z**2 - z + 288. Let h(x) = k*l(x) - 5*d(x). Is h(0) a prime number?
True
Let x(n) = 272*n**2 + 112*n + 3. Is x(25) a prime number?
False
Suppose -109*n = -110*n + 35175 + 1984. Is n prime?
True
Suppose 2*i + 0 + 6 = 0. Let m be -1*(5 - i)*(2 + -3). Suppose -m*f = -2402 - 16710. Is f a prime number?
True
Let n = 17294869 - 11806046. Is n a prime number?
True
Let r = 17 + -13. Suppose 4*d + 2*j - 30 = 0, -r*d = -2*d - 2*j - 30. Is (270 + 4)*2/(8/d) composite?
True
Let k(r) be the first derivative of r**3 - r**2/2 - 5*r + 2. Let z(g) = g**3 - 32*g**2 + 6. Let q be z(32). Is k(q) prime?
True
Let k(s) = -7*s**3 - 3*s**2 + 6*s. Let c be k(5). Let o = 2501 + c. Suppose 5*m - 3*h - 1930 = 0, 7*m - 3*m = -5*h + o. Is m composite?
False
Let v = 120 - 55. Let t = 85 - v. Is 0*(-4)/t - -131 a prime number?
True
Let f be 5*(2/(-14))/((-5)/35). Suppose 3924 = 5*h + f*j - 1636, -3*h = -2*j - 3321. Is h a composite number?
False
Suppose 2*l - 5*t = 299, -3*t - 471 = -3*l - 0*t. Let z = l + 307. Is z a prime number?
False
Let g(n) = 18*n**2 - 19. Let s = 2 - -1. Suppose 0*t - 2*t = s*r + 10, 4*t = -5*r - 16. Is g(r) prime?
True
Let o(y) be the third derivative of y**4/4 + 2*y**3/3 + 6*y**2. Let s be o(-4). Is 6148/10 - (-16)/s composite?
True
Let k be 1 + 3 - (0 + 3). Let y be k/((-2)/(-366)*18/30). Suppose y + 2 = n. Is n a prime number?
True
Let d = -42 - -58. Suppose -d*f = -11764 - 2748. Is f a prime number?
True
Let i = -31631 - -53514. Is i a composite number?
True
Let z(m) = -21*m**3 + 3*m**2 + 2. Let t be z(-3). Suppose 0 = -5*s + 3*v - 218 + 1305, 4*v - 199 = -s. Let q = t - s. Is q a composite number?
True
Let q be 7 + 6/(-18)*6. Suppose -623 = 5*p + 4*x - 40416, 3*x - 39796 = -q*p. Is p a prime number?
False
Let v(g) be the first derivative of 63*g**3 + 2*g**2 - 2*g - 255. Let n = 2 - 1. Is v(n) prime?
True
Is (-79)/(-237)*(84820/2 - -1) a prime number?
False
Suppose -4289313 = -12*w - 9*w. Is w composite?
True
Let d be (2/(-6))/((-13)/(-39))*-1. Let p be (1*-71 + d)*(-18)/45. Suppose 0 = 4*c - 4*v - p - 32, 0 = c - 2*v - 11. Is c a prime number?
True
Let a = 134289 + 1148774. Is a composite?
False
Let x(a) = 54*a**3 - 15*a**2 + 19*a - 195. Is x(11) composite?
True
Suppose 11 = 2*z + 7, 5*k + 22 = z. Is (5666/k)/(6/(-6 + -6)) composite?
False
Let u = -580 + 971. Suppose -4*f + 509 + u = -4*r, -2*f = 4*r - 426. Is f composite?
True
Let k(b) = -3*b**2 + 2*b - 6. Let h be k(4). Let y = -32 - h. Is (y + -3)/((-4)/(-92)) a composite number?
True
Suppose 2*y - 10419 = -f, -2*f - 15*y + 16*y + 20858 = 0. Is f a composite number?
False
Let h(l) = 85*l - 7. Suppose -t + 185 = 5*n, 5*n + 2*t - 111 = 2*n. Let d = -35 + n. Is h(d) a composite number?
False
Suppose -197*z + 24793 + 8500 = 0. Is z prime?
False
Let g = -260923 + 466350. Is g prime?
True
Let z be (3796/(-4))/(-3*5/150). Let q = -6125 + z. Is q a composite number?
True
Let l(y) = 11215*y**3 + 9*y**2 + 14*y + 7. Let c(j) = -33646*j**3 - 27*j**2 - 40*j - 20. Let s(n) = 6*c(n) + 17*l(n). Is s(-1) composite?
False
Let x(v) = -16*v + 34. Let u be x(6). Let t = u + 76. Is 557091/329 - (4/t + 0) a prime number?
True
Suppose 248*v - 239*v = 192843. Is v prime?
False
Let s be (-2)/4*0 - -7. Suppose -w + 3260 = -4*o + 404, o = w - 2856. Suppose -s*q = -2317 - w. Is q prime?
True
Is 411/(-3 + (-50760)/(-16914)) a composite number?
True
Let b be 1*53 + 0 + 0. Let z = b - 54. Is z/(6/132)*(-134)/4 a prime number?
False
Suppose -5*v + 50 = 5*g, 0*v - 5*g + 20 = -v. Let r be 2/4*(933 + 9). Suppose v*c - 2*c = r. Is c prime?
True
Suppose 6*f + 36136 + 16766 = 0. Let u = -5310 - f. Suppose -6*p = -9*p + u. Is p a composite number?
True
Let i(n) = 234*n - 67 - 53 + 26 - 126*n. Is i(7) a composite number?
True
Let w = -23204 - -12159. Let f = -6748 - w. Is f prime?
True
Let j be 5/25*-539 + (-2)/10. Let c(s) = -8*s**2 - 3*s + 4. Let y be c(3). Let n = y - j. Is n prime?
True
Let t(o) = 11*o**2 - 77*o + 5. Let k be t(7). Let b(v) be the second derivative of 3*v**3/2 + 7*v**2 + 2*v. Is b(k) prime?
True
Let u = -77080 + 187651. Is u a prime number?
False
Let k = 1 - -1. Suppose 0 = 2*c - 5*y - 10604, 10620 = 7*c - 5*c - y. Suppose -k*g = 4*w - 3*g - 7081, g = 3*w - c. Is w a composite number?
True
Suppose 5*l = 16903 + 20662. Suppose -2*w + l = -10357. Is w composite?
True
Let l be -7846*(57/(-76))/((-6)/(-4)). Suppose 3*b - 11709 = -3*q, 0*b = -q + 4*b + l. Is q a composite number?
False
Let d(f) = 2*f + 58. Let s be d(-12). Suppose -5*j + 29211 = s*j. Is j prime?
False
Suppose a = -3*y + 12673, -3*a - 26*y + 27*y = -38039. Is a prime?
False
Let i = 28204 + -16835. Is i a composite number?
False
Let s = -572 - -1340. Suppose 0 = -13*c + 16*c - s. Suppose -c - 587 = -2*w + 5*a, -1255 = -3*w - 2*a. Is w a composite number?
False
Let s be (-10 + (-225)/(-18))/(1/2). Suppose 0 = s*j - 2*c - 52795, -10559 = -j + 2*c + 3*c. Is j a composite number?
False
Let h(b) be the second derivative of -b**6/40 - 3*b**5/20 + b**4/6 - 41*b**3/6 - b**2 + 29*b. Let w(k) be the first derivative of h(k). Is w(-9) composite?
False
Suppose 15 = 5*r - 5*b, -4*r - 5*b = 60 - 27. Is 6348/3*5 + r + 1 a composite number?
True
Suppose 5*a + 4*x - 796407 = 0, -28*x + 477826 = 3*a - 23*x. Is a composite?
False
Let w = -57614 - -112537. Is w prime?
False
Let z(j) = 0*j**2 - 83 + 0*j - 2*j - 2*j + 3*j + j**2. Is z(39) a prime number?
True
Let d(l) = -l**3 + 2*l**2 - l + 449. Let s(v) = -5*v - 1. Let k be s(-1). Suppose 0 = k*x - x. Is d(x) composite?
False
Let i(u) = 23477*u**2 - 30*u + 30. Is i(1) composite?
True
Let f(z) = -z - 43 - 38 + 88. Let t be f(6). Let k(r) = 632*r + 3. Is k(t) composite?
True
Suppose 17793325 = 19*z + 256*z. Is z prime?
False
Let c(b) = 5 - 11956*b + 12214*b + 5 + 3. Let x(n) = -3*n**3. Let r be x(-1). Is c(r) a prime number?
True
Suppose -r - 9 = 2*r. Let c(d) be the second derivative of 133*d**4/12 - 5*d**3/6 - 7*d**2/2 - 5*d + 6. Is c(r) prime?
False
Is 6/(-8) + 102091167/548 a composite number?
True
Suppose -h = -4